(a) + 6*i(a). What are the prime factors of z(-3)?
2
Suppose -3*a - 82 + 286 = 0. What are the prime factors of (-8)/a + (-580)/(-17)?
2, 17
Let y(i) = -i**3 - 2*i**2 + i - 4. Let c = -17 - -14. What are the prime factors of y(c)?
2
Suppose 5*a - 24 - 6 = 0. Let m(s) = -2 + a*s - 3*s + 4*s**2 - 2*s**2 + 4. What are the prime factors of m(-3)?
11
Let a be 4/(-10) - 26/10. List the prime factors of (-2)/(-1)*(0 - a).
2, 3
Let z = 22 - 16. Suppose 2*k + 88 = 238. Suppose q + k = z*q. List the prime factors of q.
3, 5
Let h(u) be the third derivative of -u**4/24 - 13*u**3/6 + 3*u**2. Let r be h(-7). What are the prime factors of (-33)/(-6)*r/(-3)?
11
What are the prime factors of 3 - (-9)/(36/280)?
73
Let j(l) = l**2 - 6*l + 2. What are the prime factors of j(-4)?
2, 3, 7
Suppose -2*l + 72 = 8. Let b = 66 - l. List the prime factors of b.
2, 17
Suppose 5*l + 0*l - 4*f = 23, 5*f + 10 = 0. Let s be (2/l)/((-6)/(-9)). Let g = s - -11. List the prime factors of g.
2, 3
Suppose 4 = s + 1. Suppose -s*l + 17 = -58. Suppose 0*z - 3*z + n = -l, -z = -3*n - 3. List the prime factors of z.
3
Let c = -212 + 517. What are the prime factors of c?
5, 61
Let p(i) = i**3 + i**2 + 9. Let j be p(0). Let a be ((-4)/6)/(6/j). Let o = 1 - a. List the prime factors of o.
2
Let u(w) = w**3 - 2*w**2 - 3*w - 5. List the prime factors of u(5).
5, 11
Suppose -3 + 23 = 5*y. Suppose 0*z - 4*z - 5*i = -96, -5*z = y*i - 129. Suppose 3*d - 57 = -3*l + 6*l, 4*l = -3*d + z. List the prime factors of d.
3, 5
Suppose -m + 0 = z + 7, -4*z - 2*m - 34 = 0. List the prime factors of (-2)/z - 76/(-20).
2
Suppose 5*c = -4 - 1. Let s be ((-5)/(-10))/(c/2). What are the prime factors of (-1 + s)/2*-10?
2, 5
Suppose -5*f - 370 = -5*z, -3*z + 150 = -f - 76. What are the prime factors of z?
2, 19
Let x = 11 + 1. What are the prime factors of x?
2, 3
Let n = -2 + 14. Suppose -4*s + 5*s = -n. Let g(h) = h**2 + 12*h + 4. List the prime factors of g(s).
2
Suppose 3*k - 87 = -4*w, 39 = -2*k + 3*k - 2*w. List the prime factors of k.
3, 11
Suppose 5*z = -3*r + 1491 + 631, -1276 = -3*z + r. List the prime factors of z.
5, 17
Let n(i) = 2*i. Let k be n(2). Suppose -2*j + k*j = 10. Suppose -5*y + 37 = 4*q, -q - y = -j*q + 7. What are the prime factors of q?
3
List the prime factors of ((-41)/1)/((-4)/4).
41
List the prime factors of 4/6*(-1230)/(-20).
41
What are the prime factors of (0/2 - 3) + 61?
2, 29
Suppose a - 68 = -a. Suppose 0 = -2*s - 0*s + a. List the prime factors of s.
17
Let l be (2 - (109 - 1))/2. Let x = l + 87. List the prime factors of x.
2, 17
Let u(y) = -12*y + 1. Let l be u(2). Let z = -8 - l. List the prime factors of z.
3, 5
What are the prime factors of 199 + -1 + 1 - -1?
2, 5
Let o = 2 + -1. Suppose q - o + 2 = 0. What are the prime factors of (q - (3 + 2))*-1?
2, 3
Let k(t) be the third derivative of t**4/6 - t**3/2 - 3*t**2. List the prime factors of k(4).
13
Suppose 0*b = -2*b + 6, -2*j - 3*b = -65. What are the prime factors of j?
2, 7
Let x be (3/2)/(6/12). Let i be 2 - x/(-3)*8. Suppose -2*j + i = 2*a, a - 29 = -3*j - 6. List the prime factors of j.
3
Let c be 5/2 + 5/(-10). Let i(w) = -w**2 - 6 + w**2 - 9*w - w**c. List the prime factors of i(-7).
2
Let u(b) = b**2 + 5*b - 9. Let n be u(-7). Suppose n + 7 = 4*r. What are the prime factors of r?
3
Let h(x) = -x + 4. Let l be h(7). Let s be l/9*-3 + -2. What are the prime factors of 3 + -1 - s*2?
2
Let l(w) = 2*w**3 + 4*w - 4*w**2 + 1 - 3 + w**3. What are the prime factors of l(2)?
2, 7
Suppose i = -4*i + 1210. What are the prime factors of i?
2, 11
Suppose 0 = p - 1 - 0. Suppose -19 = 3*a - 2*g, -p + 5 = 2*g. Let x = 16 + a. List the prime factors of x.
11
Suppose 240 = 6*t - 354. What are the prime factors of t?
3, 11
Let x be (-99)/(-27) + 4/(-6). Suppose -4*h + x*i = -0*h - 60, 5*h + 3*i = 75. List the prime factors of h.
3, 5
Suppose -y = -2*p - 0*y + 33, 0 = 5*p - 3*y - 85. What are the prime factors of 37/7 + p/(-49)?
5
Suppose 2*z - 7 = u, -3*u - 3 = 6. Suppose 2*w = 6 - z. What are the prime factors of w?
2
Suppose 0 = 2*s - 4*s + 2*c + 8, 0 = -c - 1. Suppose 3*p + p - 4*a = 116, 0 = s*p - 5*a - 97. Suppose -p + 0 = -4*i. List the prime factors of i.
2, 3
Let x be ((-2)/(-6))/(1/12). Suppose x*o - 9 - 11 = 0. Suppose 2 = 2*q + o*w, -5*q - 3*w = -26 - 17. What are the prime factors of q?
11
Suppose -2*x = -7*x + 20. Suppose x*r = -16 - 0. Let k(j) = -j**3 - 5*j**2 - 5*j + 4. List the prime factors of k(r).
2
Let r(v) = -4*v - 2. Let i be 2 + (-5 - 1)*1. List the prime factors of r(i).
2, 7
Let p = 1237 + -875. What are the prime factors of p?
2, 181
Suppose -4*p - 3*q = -471, 9*q + 463 = 4*p + 4*q. What are the prime factors of p?
3, 13
Let l(p) = -7*p**2 - 19*p + 11. Let y(c) = -4*c**2 - 10*c + 5. Let o(n) = -3*l(n) + 5*y(n). What are the prime factors of o(-9)?
2, 5
List the prime factors of 60 + (0/4 - -2).
2, 31
Let x = 7 + -1. List the prime factors of x.
2, 3
Suppose 4*q - 2*q + 4*d - 92 = 0, -5*d + 89 = 2*q. List the prime factors of q.
2, 13
Suppose 27 - 5 = o. What are the prime factors of (0 - o)/(-2) + 3?
2, 7
What are the prime factors of 187050/731 + 4/34?
2
Let l(q) = 53*q**2 + q. Let n be l(1). Suppose -5*b + 51 = -n. What are the prime factors of b?
3, 7
Suppose -42 = 4*f - 130. Let g = f + -15. List the prime factors of g.
7
Let j(b) = 3*b + 12. List the prime factors of j(9).
3, 13
Let f(i) = -i**3 + 13*i**2 - 7*i - 21. List the prime factors of f(12).
3, 13
Suppose -r + 3*u - 3 = 2*u, -3*r = -4*u + 14. Suppose -r*v - 2 + 10 = 0. Suppose -v*n + 31 = -5*m, 0 = -2*n - 4*m + 3*m + 19. List the prime factors of n.
3
Suppose -305 = -5*o - 5*p, -3*o - 91 + 280 = 5*p. Suppose 3*i + o = 5*d - i, -44 = -5*d - 3*i. List the prime factors of d.
2, 5
Suppose 0 = -0*o + 2*o - 10. Suppose -4*r - 2*h + 144 = 0, -54 = -r - 0*r - o*h. List the prime factors of r.
2, 17
Suppose 3*c - 2*w = 74, -5*w - 18 + 2 = -c. List the prime factors of c.
2, 13
Suppose -357 = 25*h - 28*h. What are the prime factors of h?
7, 17
Let q(n) be the second derivative of n**4/12 + n**3/6 + n**2 - n. Let s be q(-2). Suppose -2*d + 4 = -s*g, -3*d + 26 = g - 2*g. What are the prime factors of d?
2, 5
Let p = -13 + 67. What are the prime factors of p?
2, 3
Let f = 567 - 335. List the prime factors of f.
2, 29
Suppose 2*n = 1 + 39. List the prime factors of n.
2, 5
Suppose -4*s = 2*l - 11 + 3, 0 = 4*l - 5*s - 16. Let j = 4 - l. Suppose 2*t = -j*t - 2*n + 26, n = -5*t + 45. List the prime factors of t.
2
List the prime factors of 325 + 3/(15/25).
2, 3, 5, 11
Suppose 0 = 3*p - 5 - 4. Suppose -60 = -p*s + 4*y + 24, 4*s - 99 = y. What are the prime factors of s/(-10)*(-30)/12?
2, 3
Let o(r) = 3*r**2 - 3*r + 8. What are the prime factors of o(4)?
2, 11
Let p(t) = t**3 + 15*t**2 + 10*t - 5. What are the prime factors of p(-10)?
5, 79
Suppose -5*q = -4*q - 272. What are the prime factors of q?
2, 17
Suppose -10*b - 292 = -2402. List the prime factors of b.
211
Suppose -4*n + 33 = l + n, 3*l - 115 = n. What are the prime factors of l?
2, 19
Let g be 12/14*14/(-2). What are the prime factors of (-44)/(-6) + g/(-9)?
2
Suppose 0*c - 3*c = -2*n + 27, -5*n + 5*c + 75 = 0. List the prime factors of n.
2, 3
Suppose -2*j = j - 204. Suppose -32 = -3*q - 2*o, -j + 13 = -5*q - 3*o. List the prime factors of q.
2, 7
Let f(w) = -10 + w - 3*w + 0*w. Let o be f(-7). Suppose -7 = -o*q + 1. List the prime factors of q.
2
Let z(j) be the second derivative of j**5/20 - j**4/3 + j**3/3 + j**2/2 + 4*j. Let w be z(4). Let v = 19 - w. What are the prime factors of v?
2, 5
Suppose 3*i - 138 = -4*p + 52, 148 = 3*p + 5*i. List the prime factors of p.
2, 23
Let s(q) = -2*q**3 - 5*q**2 + 2*q - 10. What are the prime factors of s(-5)?
3, 5, 7
Suppose 2*w + 5*v = 31, 1 - 2 = -2*w + v. Suppose -n + j = 6 - w, j = -3*n + 11. What are the prime factors of n?
2
Suppose 15 = 3*t, 4*t + 286 = 3*d + 6*t. Suppose -a - d = -5*a. List the prime factors of a.
23
Suppose 3*k = -3*n + 33, 4*k = 12 + 4. Let j = n + -1. List the prime factors of j.
2, 3
What are the prime factors of -102*(35/(-10))/7?
3, 17
Let o(x) be the second derivative of -x**3/6 - x**2 + 2*x. Let h be o(-4). Suppose h*k - 26 + 6 = 0. List the prime factors of k.
2, 5
Let m(s) = -s - 5. Let t be m(-8). Suppose -3*o - 2